{"id":84,"date":"2009-10-23T11:15:40","date_gmt":"2009-10-23T08:15:40","guid":{"rendered":"http:\/\/virumaapuhastus.sussik.dyndns.org\/?page_id=84"},"modified":"2025-12-08T15:05:50","modified_gmt":"2025-12-08T12:05:50","slug":"kontakt","status":"publish","type":"page","link":"http:\/\/www.virumaapuhastus.ee\/?page_id=84","title":{"rendered":"Kontakt"},"content":{"rendered":"<p><strong>O\u00dc Virumaa Puhastus <\/strong><br \/>\n\u00d5li 3 Rakvere 44311<br \/>\nReg.nr. 11234681<br \/>\nTel. +372 32 43 868<br \/>\n<a href=\"..\/\">www.virumaapuhastus.ee<\/a><br \/>\n<a href=\"mailto:info@virumaapuhastus.ee\">info@virumaapuhastus.ee<\/a><\/p>\n<p><strong><span style=\"text-decoration: underline;\">Juhatuse liige<\/span><\/strong> \u2013 Valdek Haugas<br \/>\nTel. 502 5031<br \/>\n<a href=\"mailto:valdek@virumaapuhastus.ee\">valdek@virumaapuhastus.ee<\/a><\/p>\n<p><span style=\"text-decoration: underline;\"><strong>Raamatupidaja<\/strong> <\/span>\u2013 Elle N\u00f5mm<br \/>\nTel. 32 44 034<br \/>\n<a href=\"mailto:raamatupidaja@virumaapuhastus.ee\">raamatupidaja@virumaapuhastus.ee<\/a><\/p>\n<p style=\"text-align: justify;\"><strong><span style=\"text-decoration: underline;\"><strong>Erit\u00f6\u00f6d<\/strong><\/span><\/strong><\/p>\n<p style=\"text-align: justify;\">Tel. 59 126 550<\/p>\n<p style=\"text-align: justify;\"><a href=\"info@virumaapuhastus.ee\">eritood@<\/a><a href=\"info@virumaapuhastus.ee\">virumaapuhastus.ee<\/a><\/p>\n<p><strong><span style=\"text-decoration: underline;\">Pesumaja \u00d5li tn 3, Rakvere<\/span><\/strong><br \/>\nTel. 32 43 868<\/p>\n<p><strong><span style=\"text-decoration: underline;\">Kauba tellimine<\/span> &#8211;\u00a0<\/strong><strong>\u00d5li tn 3, Rakvere<\/strong><\/p>\n<p>Avatud E-R 8-17, tel. 59 197 227<\/p>\n<p><strong>Kliendihaldur<\/strong> &#8211; Anzela Abo<\/p>\n<p><a title=\"myyk@virumaapuhastus.ee\" href=\"mailto:myyk@virumaapuhastus.ee\">myyk@virumaapuhastus.ee<\/a><\/p>\n<p><strong>Kauba tellimine &#8211; Tallinna mnt 52, Narva<\/strong><\/p>\n<p>Avatud E-R 10-18, L 10 &#8211; 15 tel. 52 292 46<\/p>\n<p><strong>Kliendihaldur<\/strong>\u00a0&#8211; Veronika Filyaeva<\/p>\n<p>tel. 53 066 481<\/p>\n<p><a href=\"mailto:narva@virumaapuhastus.ee\">narva@virumaapuhastus.ee<\/a><\/p>\n","protected":false},"excerpt":{"rendered":"<p>O\u00dc Virumaa Puhastus \u00d5li 3 Rakvere 44311 Reg.nr. 11234681 Tel. +372 32 43 868 www.virumaapuhastus.ee info@virumaapuhastus.ee Juhatuse liige \u2013 Valdek Haugas Tel. 502 5031 valdek@virumaapuhastus.ee Raamatupidaja \u2013 Elle N\u00f5mm Tel. 32 44 034 raamatupidaja@virumaapuhastus.ee Erit\u00f6\u00f6d Tel. 59 126 550 eritood@virumaapuhastus.ee Pesumaja \u00d5li tn 3, Rakvere Tel. 32 43 868 Kauba tellimine &#8211;\u00a0\u00d5li tn 3, Rakvere [&hellip;]<\/p>\n","protected":false},"author":1,"featured_media":0,"parent":0,"menu_order":900,"comment_status":"closed","ping_status":"open","template":"","meta":[],"_links":{"self":[{"href":"http:\/\/www.virumaapuhastus.ee\/index.php?rest_route=\/wp\/v2\/pages\/84"}],"collection":[{"href":"http:\/\/www.virumaapuhastus.ee\/index.php?rest_route=\/wp\/v2\/pages"}],"about":[{"href":"http:\/\/www.virumaapuhastus.ee\/index.php?rest_route=\/wp\/v2\/types\/page"}],"author":[{"embeddable":true,"href":"http:\/\/www.virumaapuhastus.ee\/index.php?rest_route=\/wp\/v2\/users\/1"}],"replies":[{"embeddable":true,"href":"http:\/\/www.virumaapuhastus.ee\/index.php?rest_route=%2Fwp%2Fv2%2Fcomments&post=84"}],"version-history":[{"count":75,"href":"http:\/\/www.virumaapuhastus.ee\/index.php?rest_route=\/wp\/v2\/pages\/84\/revisions"}],"predecessor-version":[{"id":1343,"href":"http:\/\/www.virumaapuhastus.ee\/index.php?rest_route=\/wp\/v2\/pages\/84\/revisions\/1343"}],"wp:attachment":[{"href":"http:\/\/www.virumaapuhastus.ee\/index.php?rest_route=%2Fwp%2Fv2%2Fmedia&parent=84"}],"curies":[{"name":"wp","href":"https:\/\/api.w.org\/{rel}","templated":true}]}}