{"id":339,"date":"2011-09-19T21:06:01","date_gmt":"2011-09-19T18:06:01","guid":{"rendered":"http:\/\/www.virumaapuhastus.ee\/?page_id=339"},"modified":"2016-02-17T16:21:28","modified_gmt":"2016-02-17T13:21:28","slug":"noustamine","status":"publish","type":"page","link":"http:\/\/www.virumaapuhastus.ee\/?page_id=339","title":{"rendered":"N\u00f5ustamine"},"content":{"rendered":"<p>N\u00f5ustame nii ettev\u00f5tteid, kui ka eraisikuid. Aitame valida antud olukorrale ja vastavalt Teie vajadustele parimad vahendid ja tarvikud, tagamaks laitmatut ja h\u00fcgieenilist puhtust.<\/p>\n<p>Kuna puhastusvahendite ja \u2013 ainete tootjaid on t\u00e4nap\u00e4eval lugematul hulgal, siis on iseseisvalt sobivate vahendite valik keeruline, tihtipeale kulutatakse sellele lugematul hulgal aega ja raha.<\/p>\n<p>Meie eksperdid on puhastusvahendeid testinud, samuti laiendame pidevalt oma teadmistepagasit ning aastatepikkused kogemused v\u00f5imaldavad <strong>Teile<\/strong> pakkuda<strong> aja ja raha kokkuhoidu. <\/strong><\/p>\n<p>V\u00f5tke meiega \u00fchendust ja <em><strong>Teie murest saab meie mure. <\/strong><\/em><\/p>\n","protected":false},"excerpt":{"rendered":"<p>N\u00f5ustame nii ettev\u00f5tteid, kui ka eraisikuid. Aitame valida antud olukorrale ja vastavalt Teie vajadustele parimad vahendid ja tarvikud, tagamaks laitmatut ja h\u00fcgieenilist puhtust. Kuna puhastusvahendite ja \u2013 ainete tootjaid on t\u00e4nap\u00e4eval lugematul hulgal, siis on iseseisvalt sobivate vahendite valik keeruline, tihtipeale kulutatakse sellele lugematul hulgal aega ja raha. Meie eksperdid on puhastusvahendeid testinud, samuti laiendame [&hellip;]<\/p>\n","protected":false},"author":1,"featured_media":0,"parent":6,"menu_order":5,"comment_status":"closed","ping_status":"open","template":"","meta":[],"_links":{"self":[{"href":"http:\/\/www.virumaapuhastus.ee\/index.php?rest_route=\/wp\/v2\/pages\/339"}],"collection":[{"href":"http:\/\/www.virumaapuhastus.ee\/index.php?rest_route=\/wp\/v2\/pages"}],"about":[{"href":"http:\/\/www.virumaapuhastus.ee\/index.php?rest_route=\/wp\/v2\/types\/page"}],"author":[{"embeddable":true,"href":"http:\/\/www.virumaapuhastus.ee\/index.php?rest_route=\/wp\/v2\/users\/1"}],"replies":[{"embeddable":true,"href":"http:\/\/www.virumaapuhastus.ee\/index.php?rest_route=%2Fwp%2Fv2%2Fcomments&post=339"}],"version-history":[{"count":5,"href":"http:\/\/www.virumaapuhastus.ee\/index.php?rest_route=\/wp\/v2\/pages\/339\/revisions"}],"predecessor-version":[{"id":1021,"href":"http:\/\/www.virumaapuhastus.ee\/index.php?rest_route=\/wp\/v2\/pages\/339\/revisions\/1021"}],"up":[{"embeddable":true,"href":"http:\/\/www.virumaapuhastus.ee\/index.php?rest_route=\/wp\/v2\/pages\/6"}],"wp:attachment":[{"href":"http:\/\/www.virumaapuhastus.ee\/index.php?rest_route=%2Fwp%2Fv2%2Fmedia&parent=339"}],"curies":[{"name":"wp","href":"https:\/\/api.w.org\/{rel}","templated":true}]}}