{"id":11,"date":"2009-10-22T18:02:47","date_gmt":"2009-10-22T15:02:47","guid":{"rendered":"http:\/\/virumaapuhastus.sussik.dyndns.org\/?page_id=11"},"modified":"2015-12-02T18:06:35","modified_gmt":"2015-12-02T15:06:35","slug":"hoolduspuhastus","status":"publish","type":"page","link":"http:\/\/www.virumaapuhastus.ee\/?page_id=11","title":{"rendered":"Hoolduspuhastus"},"content":{"rendered":"<p><a href=\"http:\/\/www.virumaapuhastus.ee\/wp-content\/uploads\/2009\/10\/hoolduspuhastus.jpg\"><img decoding=\"async\" loading=\"lazy\" class=\"alignleft size-thumbnail wp-image-390\" title=\"the modern office\" src=\"http:\/\/www.virumaapuhastus.ee\/wp-content\/uploads\/2009\/10\/hoolduspuhastus-150x150.jpg\" alt=\"the modern office\" width=\"150\" height=\"150\" \/><\/a>\u00c4ri- ja tootmishoonete ruumides igap\u00e4evaselt teostatavad puhastust\u00f6\u00f6d. Kokkulepitud p\u00e4evadel ja kellaajal teostab objektile m\u00e4\u00e4ratud puhastusteenindaja igap\u00e4evaseid hoolduspuhastustoiminguid (tolmuv\u00f5tt m\u00f6\u00f6bli vabadelt pindadelt, p\u00f5randate puhastus, tualett- ja du\u0161\u0161iruumide koristus ja h\u00fcgieenitarvikute lisamine jms.).<\/p>\n<p>Teenuse\u00a0osutamisel proovime leida just <strong>Teie<\/strong> poolt esitatud tingimustele sobiva inimese, mis omakorda aitab puhastusteenindajal m\u00f5ista t\u00e4pselt just <strong>Teie vajadusi.<\/strong> Puhastusteenindajad teenindavad ainult \u00fchte klienti korraga, mis aitab oluliselt kaasa vajadusel teostada erit\u00f6id ja olla kliendi suhtes v\u00f5imalikult paindlik tagamaks <strong>Teile <\/strong>ka parema <strong>turvalisuse<\/strong>. Teenus sisaldab k\u00f5iki puhastustarvikuid- ja masinaid, mis on teenuse osutamiseks vajalikud.<\/p>\n<p>Kuna hoolduspuhastusteenuse osutamisel on palju erinevaid tegureid, mis m\u00f5jutavad hinda, siis hinnapakkumise saamiseks p\u00f6\u00f6rduge palun meie poole. Koost\u00f6\u00f6s meie teadmiste ja soovitustega ning <strong>Teie vajadustega<\/strong> saame leida <strong>Teile personaalse<\/strong> lahenduse.<\/p>\n<p>Iga objekti t\u00f6\u00f6maht m\u00e4\u00e4ratakse eraldi. K\u00fcsige julgelt pakkumist!<\/p>\n","protected":false},"excerpt":{"rendered":"<p>\u00c4ri- ja tootmishoonete ruumides igap\u00e4evaselt teostatavad puhastust\u00f6\u00f6d. Kokkulepitud p\u00e4evadel ja kellaajal teostab objektile m\u00e4\u00e4ratud puhastusteenindaja igap\u00e4evaseid hoolduspuhastustoiminguid (tolmuv\u00f5tt m\u00f6\u00f6bli vabadelt pindadelt, p\u00f5randate puhastus, tualett- ja du\u0161\u0161iruumide koristus ja h\u00fcgieenitarvikute lisamine jms.). Teenuse\u00a0osutamisel proovime leida just Teie poolt esitatud tingimustele sobiva inimese, mis omakorda aitab puhastusteenindajal m\u00f5ista t\u00e4pselt just Teie vajadusi. Puhastusteenindajad teenindavad ainult \u00fchte klienti [&hellip;]<\/p>\n","protected":false},"author":1,"featured_media":0,"parent":6,"menu_order":2,"comment_status":"closed","ping_status":"open","template":"","meta":[],"_links":{"self":[{"href":"http:\/\/www.virumaapuhastus.ee\/index.php?rest_route=\/wp\/v2\/pages\/11"}],"collection":[{"href":"http:\/\/www.virumaapuhastus.ee\/index.php?rest_route=\/wp\/v2\/pages"}],"about":[{"href":"http:\/\/www.virumaapuhastus.ee\/index.php?rest_route=\/wp\/v2\/types\/page"}],"author":[{"embeddable":true,"href":"http:\/\/www.virumaapuhastus.ee\/index.php?rest_route=\/wp\/v2\/users\/1"}],"replies":[{"embeddable":true,"href":"http:\/\/www.virumaapuhastus.ee\/index.php?rest_route=%2Fwp%2Fv2%2Fcomments&post=11"}],"version-history":[{"count":11,"href":"http:\/\/www.virumaapuhastus.ee\/index.php?rest_route=\/wp\/v2\/pages\/11\/revisions"}],"predecessor-version":[{"id":173,"href":"http:\/\/www.virumaapuhastus.ee\/index.php?rest_route=\/wp\/v2\/pages\/11\/revisions\/173"}],"up":[{"embeddable":true,"href":"http:\/\/www.virumaapuhastus.ee\/index.php?rest_route=\/wp\/v2\/pages\/6"}],"wp:attachment":[{"href":"http:\/\/www.virumaapuhastus.ee\/index.php?rest_route=%2Fwp%2Fv2%2Fmedia&parent=11"}],"curies":[{"name":"wp","href":"https:\/\/api.w.org\/{rel}","templated":true}]}}